alculate 8 + -23 + (-7 - -1 - -16) - (46 - 0).
-51
Calculate -79 - (27 + (-9 - 27) - -3).
-73
What is the value of (-68 - 4) + 120 - 92?
-44
What is the value of (-8038 - -8044) + (1 - (1 - -8))?
-2
-67 + 104 - 59 - -31
9
(1 - (0 + -16 + 0)) + (2620 - 2655)
-18
Evaluate 73 - (21 - -13 - 22 - -6).
55
What is 16 + (18 - (-62 - -26))?
70
What is -20 - (12 - ((6 - -86) + -4))?
56
Calculate (-3 + 5 + (-26 - 6) - (-4 + 18)) + 14.
-30
Calculate -7 + (-55 + 26 - -51) + -30.
-15
What is the value of (-2 - -6 - 57 - -3) + 25 + -16?
-41
Calculate 11 + -3 + 50 - (24 + (-15 - (-11 + 9))).
47
Evaluate 39 - (1 + (44 + -12 - 43)).
49
What is 72 - 8 - (111 - 73)?
26
Evaluate (-46 - -32) + 47 + 0 + 6 - 14.
25
What is the value of (2 - (-4 + 4)) + 59 + (-17 - (16 + -35))?
63
What is the value of -10 + 5 - (49 - 43) - (-89 + 16)?
62
67 - 5 - (-1619 + 1657)
24
Calculate 2 - ((95 - (-9 - -35)) + 7).
-74
What is (3 + 3 - (-22 + (5 - -28))) + -26?
-31
What is -37 + (-25 - -48) + 20?
6
Evaluate -1 - 38 - (51 - (-1 + -9 + 45)).
-55
Calculate -3 + 0 + -54 + (20 - (-11 + (46 - 18))).
-54
77 + -72 + -14 + (-8 - (2 + -2))
-17
Evaluate -31 + -7 + 20 + 0 + -4 + -9.
-31
What is the value of 61 + (-29 - (-32 + 27))?
37
What is -73 + -12 - (-215 + 169)?
-39
0 + (-26 - -8 - 1 - -17)
-2
What is (44 - 171) + (22 - (29 + 4))?
-138
Evaluate 1 + 45 - (-46 + 55) - 152.
-115
Evaluate -57 - ((111 - 101) + (-18 - (0 + -3)) + -4).
-48
What is the value of 4 + -84 + (710 - 682)?
-52
What is the value of 1 + -69 + (-7 - (28 - 1) - -37)?
-65
What is (-14 - 19) + 7 - -68?
42
Evaluate -70 + -2 - (-158 - -81).
5
(52 + -30 - -8) + (-83 - 2)
-55
Evaluate -18 + (37 - (-47 + 87)).
-21
What is the value of -7 + -15 + -16 + 6 - (-1 - 11)?
-20
Calculate 5 - (15 + 38 - (4 + -6 + -16)).
-66
45 + (-115 - -9) + 116
55
Evaluate 0 + 63 + (11 + -133 - -131).
72
What is 8 + -1 + -23 + 8 + 5?
-3
6 + -69 - (-120 + 90)
-33
Calculate 58 + -132 - -96 - (2 + -26).
46
Evaluate -11 + 36 + (-44 - -17) + -2 + -15.
-19
Evaluate -72 + ((-62 - 15) + 73 - (11 + -1)).
-86
Calculate -38 - -33 - 15 - (8 + -5 - -5).
-28
-10 - -6 - -8 - (-69 + (-3 + 24 - 16))
68
Evaluate -52 - (20 - -4) - -33.
-43
Evaluate (164 - 163) + 58 + -203.
-144
What is 11 - (-26 - -37 - (-3 - -21) - -105)?
-87
What is (73 - 16 - 56) + -4 - (1 - -51)?
-55
What is the value of -11 + (-12 - -15 - -8) + -33 + -2?
-35
What is -38 - 34 - -99 - (11 - -1)?
15
(-52 - 2) + (130 - 109) - 35
-68
What is -6 + ((-21 - 0) + 3 - (5 + (2 - -4)))?
-35
What is (93 - 42 - -6) + 8?
65
-24 + 8 + (-46 - -9)
-53
98 + (112 - 95) + -18
97
Evaluate 1 + -95 + (-9179 - -9265).
-8
Evaluate 0 + (-7 - (8 - 14) - 6) + (-4 - -15).
4
Calculate 42 + 10 - 56 - -30.
26
What is (83 - (108 + -29)) + (-1 - (-40 + -3 - 4))?
50
Evaluate (0 + -7 + 0 - -18) + 180 + -278.
-87
Calculate 59 + -54 + -51 - -31.
-15
Calculate 3 + -1 + 44 - (34 - (0 + -33 - -58)).
37
What is 33 + -10 + (14 + -6 - -16) + 6?
53
What is the value of 8 + -6 - (-1 + -70) - (2000 - 1985)?
58
What is the value of (-25 + 30 + -41 - -160) + 29?
153
(-29 - (-24 - (-17 - -28))) + -3 + -20
-17
Calculate 64 - (-5 + 27 + -39 + 26).
55
What is the value of -1 + -34 + 38 + (0 - -7) + (-37 - 3)?
-30
What is the value of -21 - -1 - (0 + 85 + -161)?
56
Calculate -3 - (2 + -10) - (475 - 482).
12
What is the value of 21 - -45 - 49 - 43?
-26
-12 + 4 - (-699 + 733)
-42
(-11 - (3 + -6)) + (-70 + 156 - 154)
-76
Calculate -2 + (8 - -10) + -14.
2
Evaluate -1 - (1 + 13 - (-138 - -79) - 16).
-58
What is -39 + (-84 - -77) + 122?
76
What is the value of -19 - (5 - 12) - (-23 + 14 + -6)?
3
Evaluate 92 + -106 - (-6 - -10 - (-16 + 1)).
-33
Calculate 2 + -8 + -8 + 23 + -21 + 0.
-12
Evaluate 5429 - 5524 - ((0 - -2) + (0 - 3) + 0).
-94
61 - (-1 + 13 + 3)
46
What is the value of 128 - ((-30 - -124) + -77)?
111
31 + -35 + (3 - -20) - 24
-5
What is the value of (-36 + 23 - 9 - (-4 + 15)) + 6 + -3?
-30
What is -13 + 50 + 64 - 154?
-53
What is -9 - (-3 - -66 - 97)?
25
Evaluate -39 - ((-92 - (-10 - 26)) + 30).
-13
What is the value of 8 + -7 + -3 + 81 + -64 + 12?
27
(-24 - -49) + (-7 - 21) + -51
-54
What is -28 + (-139 - -91) + -6?
-82
What is (377 + -296 - (0 + -12) - 16) + 7 + 0?
84
What is -22 + 16 - -7 - (-6 + -62 - (-1 - -5))?
73
Evaluate -5 - ((19 - 33) + 1 + 7 + -14).
15
Calculate 7 + (8 - (0 + 11)) + (-59 - 6).
-61
Calculate 28 + (48 - 40) + (4 - 18).
22
What is the value of 10 + 91 + (122 - 101) + (-5 - -2)?
119
107 - (46 + (74 - 1))
-12
Calculate (-4 - 8) + 7 - (-11 + -33).
39
What is 1 + -29 + -4 - (28 - 32) - 13?
-41
Evaluate 519 - 449 - (2 - (0 - 2)) - 5.
61
What is the value of -1 + (94 - (-3 - -1)) + -100 + 334 + -242?
87
What is the value of -96 - (7 - 73) - -5?
-25
What is 3 - (-14 + 32) - -24 - -27?
36
What is the value of (-11 - -1) + -1 + 1 + 2 + -4?
-12
Calculate 12 - (-7 + 53 - (-7 + (-8 - -5))).
-44
What is (1 - 5 - (-18 - (-30 - (-43 - -20)))) + 10?
17
-41 - (-26 - 19 - -32)
-28
What is the value of -1 + (27 - 1) + -4772 + 4790?
43
What is the value of 12 + (-3 + (6 - -6) - 23 - -2) - 19?
-19
What is (114 - 117) + 1 + 4 - (-58 - 24)?
84
What is the value of 1 + 70 - 1 - (42383 + -42357)?
44
Calculate 6 + (20 - (5 - -11)).
10
Calculate (-3 - (-1 + 3)) + -43 + (230 - 246).
-64
Calculate -35 - (-53 + -24 - -22).
20
Calculate 4 - (-8 - -15 - -1 - 24).
20
What is (-6 - -3) + -1 + -7 - (-262 - (-21 + -231))?
-1
What is -11 + (-46 - (28 - 11 - 22))?
-52
Evaluate 53 + 37 + (-51 - 99).
-60
Calculate 1 + -77 + (346 - 294).
-24
66 + -31 - (-10 - (14 - (-5 + 9) - 13))
42
What is 32 + 14 + -92 - -46?
0
Calculate 8 - (50 - (-16 - -55)).
-3
What is the value of -1 + -43 + (236 - (-50 + 250))?
-8
What is 1 + (-1 + 1 - -5) + (-62 - -53)?
-3
20 - (-41 + -12) - (-18 + (3 - -7))
81
What is the value of 87 + -107 + 179 - 61?
98
-16 - (10 + 44 + -10 - 14)
-46
Calculate (-2 - -8 - 7) + (31 - 29).
1
Calculate (-6 - 57) + -17 + 30.
-50
What is -54 + (-42 - -43) + 26?
-27
Calculate 2 - (59 + 3) - ((-25 - -34) + -14).
-55
What is -3 - 84 - (-30 + 7 + (7 - 1))?
-70
Evaluate -18 + (73 - 64) + (-37 - 5) + 21.
-30
What is 9148 - 9182 - (-3 - 0 - 10)?
-21
What is the value of 13 + (-4 - (-1 - (2 - 22))) - (-4 - -39)?
-45
What is -28546 + 28540 + (1 - (0 + 36))?
-41
Calculate (71 - 84) + -78 + 1 + 6 + 13.
-71
What is the value of (-3 - -105) + 0 - (-294 - -311)?
85
Evaluate 8 + 2 - (3 + 5 + -192 + 194).
0
What is the value of (-51 - -3) + (15 + -15 - -11) + -2?
-39
What is 7 + (4 - -4) + -33 - (2 - 6 - -14)?
-28
What is the value of 5 + 1 + -74 + 49 + 18 + (1 - 36)?
-36
Evaluate -24 + -33 + 76 + (0 - 43).
-24
Calculate -5 - ((49 - -29 - 61) + -21 + -3).
2
What is the value of (1554 - 1533) + (-4 - 95 - -3)?
-75
What is -99 + 121 + -1 + -8?
13
What is the value of -3 + (88 - 3) - (-2677 + 2688)?
71
What is -98 + 192 - 108 - ((0 - -1) + (-1 - 10))?
-4
Evaluate -9 + -21 + 49 + -3 + 17.
33
What is the value of 1 + 11 - (-117 - -375 - 155)?
-91
Calculate 3 - (8 + 0 + -32) - 48.
-21
109 - (60 + 25) - (-4 - -1 - (3 + -1))
29
What is 16 - 2 - (0 - (-6 - 64) - (-37 + 47))?
-46
What is (-59 - (-47 + 23) - -22) + (-48 - 0)?
-61
(-9 + -1 - 0) + (7 + 13 + 19 - 22)
7
What is 1 + 119 - (-215 - -205)?
130
What is 2479 + -2468 - (-26 - 0)?
37
79 + ((5 - 0) + 0 - (20 + -17 - -7))
74
490 + -449 + (1 - 14)
28
What is 6 - (-3 - 70 - ((23 - 26 - 11) + 26))?
91
Evaluate (-22 - 2 - 2) + (41 - 39) + 52 + -47.
-19
Calculate 1 - -72 - (926 - 869).
16
-14 + (2 - 20) + 81
49
Evaluate 0 + -4 - (9 - (-102 + 94 + (16 - -1))).
-4
What is 68 - 30 - (33 + (-36 - -151))?
-110
Calculate (240 - (-77 + 215)) + -78.
24
Calculate -3604 - -3716 - (93 + -5).
24
What is -17 - (-16 + (-53 - -42))?
10
Calculate -59 - (-21 + 53 - 28).
-63
Calculate -5 - -47 - (2 - (3 - -6 - (4 + -2))).
47
What is the value of (-5 - -23 - 11 - (-4 + (-2 - 0))) + -42?
-29
Evaluate (126 - 129 - (-13 + 2)) + (-6 - -103).
105
What is the value of 17 + -6 + -2 + 2 + (-27 - -84 - 203)?
-135
Evaluate 29 + (-109 - 92 - -84).
-88
106 + -40 - (9 + 13 - (4 + -2) - 7)
53
-19 + 12 - (-10 - (-17 - 24))
-38
(9 - ((-1 - 5) + (27 - 14) + 52)) + -9
-59
What is 30 + -20 + (11 - (7 + 2))?
12
(87 - 19) + 19 - 93
-6
What is 13 + 20 + (93 + -79 - (1 + -49))?
95
Evaluate (-65 - -64) + -41 + (-6 - (0 + -4)).
-44
What is (2427 - 2495) + 64 + 0?
-4
4 - (-1 